{"id":519,"date":"2019-12-20T21:45:37","date_gmt":"2019-12-20T20:45:37","guid":{"rendered":"https:\/\/www.ibg.cz\/?page_id=519"},"modified":"2019-12-20T21:50:49","modified_gmt":"2019-12-20T20:50:49","slug":"elektromos-mobilitas-toltoallomas-infrastruktura","status":"publish","type":"page","link":"https:\/\/www.ibg.cz\/hu\/ibg-megoldasok\/elektromos-mobilitas-toltoallomas-infrastruktura","title":{"rendered":"Elektromos mobilit\u00e1s t\u00f6lt\u0151\u00e1llom\u00e1s infrastrukt\u00fara"},"content":{"rendered":"","protected":false},"excerpt":{"rendered":"<p>Bels\u0151 \u00e9g\u00e9s\u0171 vagy esetleg m\u00e1r megl\u00e9v\u0151 elektromos aut\u00f3flott\u00e1j\u00e1nak cser\u00e9j\u00e9t  illetve kib\u0151v\u00edt\u00e9s\u00e9t tervezi?? A megl\u00e9v\u0151 energiah\u00e1l\u00f3zat figyelembe v\u00e9ve ak\u00e1r 350 kW teljes\u00edtm\u00e9ny\u0171 t\u00f6lt\u0151\u00e1llom\u00e1sokat tervez\u00fcnk, sz\u00e1ll\u00edtunk \u00e9s telep\u00edt\u00fcnk. A csatlakoz\u00e1si pont el\u00e9gtelen kapacit\u00e1sa eset\u00e9n javaslatot tesz\u00fcnk az akkumul\u00e1tort\u00e1rol\u00f3s t\u00f6lt\u0151\u00e1llom\u00e1s optim\u00e1lis csatlakoztat\u00e1s\u00e1ra.<\/p>\n","protected":false},"author":2,"featured_media":294,"parent":514,"menu_order":54,"comment_status":"closed","ping_status":"closed","template":"","meta":{"footnotes":""},"class_list":["post-519","page","type-page","status-publish","has-post-thumbnail","hentry"],"_links":{"self":[{"href":"https:\/\/www.ibg.cz\/hu\/wp-json\/wp\/v2\/pages\/519","targetHints":{"allow":["GET"]}}],"collection":[{"href":"https:\/\/www.ibg.cz\/hu\/wp-json\/wp\/v2\/pages"}],"about":[{"href":"https:\/\/www.ibg.cz\/hu\/wp-json\/wp\/v2\/types\/page"}],"author":[{"embeddable":true,"href":"https:\/\/www.ibg.cz\/hu\/wp-json\/wp\/v2\/users\/2"}],"replies":[{"embeddable":true,"href":"https:\/\/www.ibg.cz\/hu\/wp-json\/wp\/v2\/comments?post=519"}],"version-history":[{"count":0,"href":"https:\/\/www.ibg.cz\/hu\/wp-json\/wp\/v2\/pages\/519\/revisions"}],"up":[{"embeddable":true,"href":"https:\/\/www.ibg.cz\/hu\/wp-json\/wp\/v2\/pages\/514"}],"wp:featuredmedia":[{"embeddable":true,"href":"https:\/\/www.ibg.cz\/hu\/wp-json\/wp\/v2\/media\/294"}],"wp:attachment":[{"href":"https:\/\/www.ibg.cz\/hu\/wp-json\/wp\/v2\/media?parent=519"}],"curies":[{"name":"wp","href":"https:\/\/api.w.org\/{rel}","templated":true}]}}

Elektromos mobilitás töltőállomás infrastruktúra

<p>Belső égésű vagy esetleg már meglévő elektromos autóflottájának cseréjét  illetve kibővítését tervezi?? A meglévő energiahálózat figyelembe véve akár 350 kW teljesítményű töltőállomásokat tervezünk, szállítunk és telepítünk. A csatlakozási pont elégtelen kapacitása esetén javaslatot teszünk az akkumulátortárolós töltőállomás optimális csatlakoztatására.</p>
